common factor of 37 and 65305.
37
Calculate the greatest common factor of 18 and 45.
9
Calculate the highest common factor of 616 and 46508.
308
Calculate the greatest common divisor of 1 and 41.
1
Calculate the highest common factor of 216 and 738.
18
What is the greatest common divisor of 18 and 306?
18
What is the greatest common factor of 35 and 1435?
35
What is the highest common factor of 15769 and 13?
13
What is the highest common divisor of 1247 and 559?
43
What is the highest common divisor of 28 and 2933?
7
Calculate the highest common factor of 152 and 20.
4
What is the greatest common divisor of 15 and 100?
5
Calculate the highest common factor of 66 and 34353.
33
What is the greatest common factor of 35 and 295?
5
What is the highest common divisor of 49 and 182?
7
Calculate the highest common divisor of 130 and 160.
10
Calculate the highest common divisor of 1271 and 31.
31
What is the greatest common factor of 114 and 30?
6
What is the greatest common factor of 8180 and 10?
10
What is the greatest common factor of 71 and 639?
71
Calculate the highest common divisor of 36 and 120.
12
What is the highest common divisor of 3597 and 132?
33
Calculate the highest common factor of 1935 and 360.
45
What is the highest common divisor of 2343 and 264?
33
Calculate the highest common factor of 18 and 414.
18
Calculate the greatest common divisor of 5 and 45.
5
What is the greatest common divisor of 16 and 16?
16
What is the greatest common factor of 57 and 21907?
19
Calculate the highest common divisor of 896 and 6944.
224
Calculate the highest common divisor of 1056 and 2607.
33
What is the highest common factor of 18 and 1629?
9
What is the highest common factor of 96 and 15?
3
Calculate the highest common factor of 650 and 26.
26
What is the highest common divisor of 80 and 15?
5
What is the greatest common divisor of 10 and 640?
10
What is the greatest common factor of 3567 and 123?
123
What is the highest common divisor of 32 and 5424?
16
Calculate the highest common divisor of 168 and 903.
21
Calculate the highest common factor of 92 and 483.
23
Calculate the highest common factor of 22411 and 73.
73
What is the greatest common factor of 8 and 5832?
8
What is the highest common divisor of 361 and 133?
19
Calculate the highest common divisor of 10 and 615.
5
Calculate the highest common factor of 60 and 1580.
20
Calculate the greatest common factor of 48 and 36.
12
Calculate the highest common factor of 2821 and 1085.
217
Calculate the highest common factor of 376 and 47.
47
Calculate the highest common divisor of 135025 and 11.
11
What is the highest common divisor of 1620 and 20?
20
Calculate the greatest common divisor of 4 and 3.
1
Calculate the highest common factor of 5633 and 131.
131
Calculate the highest common factor of 366 and 3477.
183
Calculate the greatest common divisor of 239 and 19.
1
Calculate the highest common divisor of 20775 and 375.
75
Calculate the highest common factor of 85 and 1853.
17
What is the highest common divisor of 657 and 2336?
73
What is the highest common divisor of 3791 and 34?
17
What is the highest common factor of 495 and 55?
55
What is the highest common factor of 884 and 578?
34
What is the greatest common factor of 80 and 48?
16
Calculate the highest common factor of 7800 and 416.
104
What is the highest common factor of 41 and 205?
41
Calculate the greatest common divisor of 261 and 145.
29
What is the highest common divisor of 216 and 3996?
108
Calculate the highest common factor of 77 and 2596.
11
What is the greatest common factor of 23290 and 510?
170
Calculate the highest common divisor of 16577 and 137.
137
Calculate the greatest common factor of 9 and 133.
1
What is the highest common factor of 80 and 25?
5
What is the highest common divisor of 77 and 649?
11
What is the greatest common divisor of 52 and 143?
13
What is the greatest common divisor of 274 and 134?
2
What is the highest common divisor of 12090 and 910?
130
What is the highest common factor of 316 and 79?
79
What is the highest common factor of 140 and 40?
20
Calculate the highest common factor of 15 and 9.
3
Calculate the highest common factor of 5 and 1345.
5
What is the greatest common factor of 1078 and 3038?
98
Calculate the highest common factor of 777 and 7.
7
Calculate the highest common factor of 1152 and 6.
6
What is the highest common factor of 3358 and 46?
46
What is the highest common factor of 2776 and 8?
8
Calculate the highest common divisor of 348 and 24.
12
Calculate the highest common divisor of 959 and 7.
7
Calculate the highest common factor of 663 and 51.
51
What is the highest common divisor of 400 and 8?
8
Calculate the highest common factor of 1285 and 5.
5
What is the greatest common divisor of 50 and 4225?
25
Calculate the highest common factor of 6811 and 147.
49
Calculate the highest common divisor of 150 and 3525.
75
What is the highest common factor of 35 and 14665?
35
What is the greatest common divisor of 1148 and 84?
28
Calculate the greatest common factor of 1 and 417.
1
What is the highest common divisor of 2058 and 84?
42
What is the highest common factor of 784 and 304?
16
What is the highest common divisor of 22 and 55?
11
Calculate the highest common divisor of 120 and 2328.
24
Calculate the greatest common factor of 3084 and 1285.
257
What is the highest common factor of 1815 and 11?
11
Calculate the greatest common divisor of 2349 and 58.
29
What is the greatest common factor of 34 and 1666?
34
What is the highest common divisor of 8256 and 86?
86
Calculate the greatest common factor of 98 and 539.
49
Calculate the highest common factor of 96 and 224.
32
Calculate the highest common factor of 1323 and 135.
27
Calculate the greatest common factor of 88 and 286.
22
Calculate the highest common factor of 4267 and 17.
17
Calculate the highest common factor of 20 and 820.
20
What is the greatest common factor of 3120 and 12?
12
What is the highest common divisor of 369 and 205?
41
What is the highest common factor of 14189 and 21?
7
Calculate the greatest common factor of 1230 and 4182.
246
Calculate the highest common divisor of 380 and 860.
20
What is the highest common factor of 784 and 32?
16
Calculate the greatest common factor of 546 and 1014.
78
Calculate the highest common factor of 100 and 12.
4
Calculate the greatest common factor of 8165 and 230.
115
What is the greatest common factor of 770 and 3520?
110
Calculate the highest common factor of 437 and 57.
19
Calculate the greatest common divisor of 48 and 592.
16
What is the greatest common divisor of 96 and 2424?
24
Calculate the greatest common factor of 93 and 1240.
31
Calculate the greatest common factor of 44 and 8.
4
Calculate the highest common factor of 33 and 11.
11
What is the highest common factor of 899 and 435?
29
Calculate the highest common divisor of 3 and 141.
3
Calculate the greatest common divisor of 38 and 342.
38
Calculate the greatest common factor of 52 and 39.
13
Calculate the greatest common divisor of 3173 and 334.
167
Calculate the highest common divisor of 8 and 1.
1
What is the highest common factor of 225 and 63?
9
What is the highest common factor of 28 and 100?
4
Calculate the greatest common factor of 195 and 75.
15
What is the greatest common divisor of 464 and 16?
16
Calculate the highest common divisor of 32 and 104.
8
Calculate the highest common divisor of 704 and 44.
44
Calculate the highest common factor of 198 and 22.
22
Calculate the greatest common factor of 418 and 1292.
38
What is the highest common divisor of 25 and 6575?
25
What is the highest common divisor of 74 and 4403?
37
Calculate the greatest common divisor of 56 and 14.
14
What is the highest common factor of 31 and 32240?
31
Calculate the greatest common divisor of 100 and 320.
20
Calculate the highest common factor of 299 and 345.
23
Calculate the greatest common divisor of 287 and 21.
7
Calculate the highest common factor of 754 and 26.
26
Calculate the greatest common factor of 22 and 1793.
11
Calculate the highest common divisor of 7967 and 2056.
257
What is the highest common factor of 164 and 556?
4
Calculate the greatest common divisor of 18 and 333.
9
What is the greatest common factor of 342 and 76?
38